 - 34/187. Let f(g) = -8*g**3 + 2*g**2 + 3*g + 1. What are the prime factors of f(m)?
67
Suppose 30*z = 7522 + 15488. What are the prime factors of z?
13, 59
Suppose -3*d + 2*p = -p + 15, -p - 3 = d. Let q = 2 - d. Suppose -c + q*c - 29 = 4*t, -22 = -5*c - 3*t. What are the prime factors of c?
5
Suppose 0 = -7*o - o + 104. Suppose o = -11*l + 1355. List the prime factors of l.
2, 61
Let y(d) = -599*d**3 - d**2 + 2*d + 1. Let z be y(-1). Suppose 6*f = 9*f - z. What are the prime factors of f?
199
Let n = -7 - 1. Let c be n/56 + 15/7. Suppose -4*m + 4*y + 140 = 0, 4*m + m - 210 = -c*y. What are the prime factors of m?
2, 5
Let p be 6753/18 + (-2)/12. Let u = p - 241. Suppose -u = -4*i - 3*r, -i + r = 2 - 32. List the prime factors of i.
2
Suppose -2 = 7*p - 8*p. Suppose s - 98 = -p*j - 6, -5*s + 416 = -j. Suppose -3*z = -6*z + s. What are the prime factors of z?
2, 7
Let y(g) = -2*g**2 + 0*g**3 + 11*g + 6*g**2 - g**3 - 4*g. Let l be y(6). What are the prime factors of (l/(-20))/(6/104)?
2, 13
Let h(d) = -d**2 - 3*d + 59. Suppose -7*p = -12*p. List the prime factors of h(p).
59
Let s(o) = 5*o**2 - o - 2. Let z be s(-1). Suppose -2*f - 57 = -7*f - 4*w, 0 = -z*f - 2*w + 48. What are the prime factors of f?
13
Suppose -g + 714 = -n + 200, 5*n = 4*g - 2053. What are the prime factors of g?
11, 47
Let r(c) = c + 21. Let f be r(-18). Suppose -940 = -7*v - f*v. What are the prime factors of v?
2, 47
Let w = 842 - 514. List the prime factors of w.
2, 41
Suppose -572 = -u + 5*c + 465, 2*u - 2053 = 3*c. List the prime factors of u.
2, 7, 73
Suppose 1258 + 34 = 2*s. List the prime factors of s.
2, 17, 19
What are the prime factors of 2 + (-11721)/(-12) - (-3)/(-4)?
2, 3, 163
Let c be (-77187)/(-88) - (1/8)/1. Suppose -7*g + c = -54. List the prime factors of g.
7, 19
Let n(u) = 58*u + 18. Let q(y) = -2*y + 2. Let p be q(-5). Let g be n(p). What are the prime factors of 3/(-2)*g/(-63)?
17
Let b = -217 - -267. What are the prime factors of b?
2, 5
Let d(w) = w**2 + 18*w - 12. Let y be d(-19). Suppose -y*r + 4*r - 9 = 4*o, 4*r - 20 = 0. What are the prime factors of (2/o)/(2/(-198))?
3, 11
Let n(w) = -69*w**3 + 5*w**2 + 2. List the prime factors of n(-3).
2, 5, 191
Suppose n + 102 = 5*l, 2*n - 26 = l - 185. What are the prime factors of 3/1 - (-7 - (1 - n))?
2, 11
Let z = -105 - -169. Let h(s) = -s + 19. Let a be h(17). Suppose -a*i = -0*i - z. List the prime factors of i.
2
Let w(z) = -z + 18. Let l be w(13). Let t = 6 + -1. Suppose -c - c = l*f - 77, -f + 10 = -t*c. List the prime factors of f.
3, 5
Let g(x) = x**2. Let i(w) = -6*w**2 + 7. Let p(y) = -5*g(y) - i(y). List the prime factors of p(6).
29
Let l(u) = -2*u + 18. Let s be l(-10). Suppose -2*p + s = 5*z, z + 5 = 2*p + 15. List the prime factors of z.
2
Suppose 3*d = 6*v - v + 109, 2*d = -v + 64. List the prime factors of (-14)/(-4)*((d - -2) + 3).
7, 19
Let l = 14 + -4. Suppose l*k - 546 = -3*k. What are the prime factors of k?
2, 3, 7
Let k(d) = 51*d**2 - 17*d + 98. List the prime factors of k(8).
2, 1613
Suppose 53887 = 46*v - 58905. List the prime factors of v.
2, 613
Let r(f) = -6*f + 29. What are the prime factors of r(-6)?
5, 13
What are the prime factors of 363/(((-18)/(12 - 6))/(-16))?
2, 11
Let d(h) = 8*h**3 - h**2 - h - 1. Let k(z) = z - 4. Let c be k(3). Let p be d(c). Let l = 42 - p. What are the prime factors of l?
3, 17
Suppose -w - 4*w + 65 = 0. Suppose -3*u = -4*m - w, -u = -m - m - 5. Suppose -50 = u*c - 5*c. What are the prime factors of c?
5
Let w(l) = -l**3 - 10*l**2 + l + 7. Let y(s) = -2*s**3 - 21*s**2 + 3*s + 15. Let c(x) = 5*w(x) - 3*y(x). What are the prime factors of c(-12)?
2, 7, 13
What are the prime factors of (-22)/253 + (-19464)/(-69)?
2, 3, 47
Let h(i) be the first derivative of 1/3*i**3 - i**2 + 10*i - 7. List the prime factors of h(8).
2, 29
Let k = 47 + -78. Let m(c) = c**3 + 7*c**2 + 2*c + 7. Let p be m(-5). Let j = k + p. List the prime factors of j.
2
Let s(h) = -h**2 + 20*h - 28. Let q be s(7). Let f = 36 + q. What are the prime factors of f?
3, 11
Let d = 12 + -10. Suppose -d*v + 445 = 3*v. What are the prime factors of v?
89
Let d(q) = -q**2 - 10*q + 8. Let p be d(-11). Let k be 16/20*(p + 143). Suppose k = 8*w - 4*w. What are the prime factors of w?
2, 7
Suppose 121 = o - m - 190, -5*o + 1528 = 4*m. What are the prime factors of o?
2, 7, 11
Let n = 185 - -330. Let k = n - 276. What are the prime factors of k?
239
Let p(q) be the third derivative of 0*q + 5/24*q**4 + 1/10*q**5 + 0 - 1/3*q**3 - 1/120*q**6 - 5*q**2. List the prime factors of p(3).
2, 5
Let t(m) = -1 + 5*m + 0*m**2 + 3*m - 1 + m**2. Let b be t(-8). What are the prime factors of 2 - 1*(b + -5)?
3
Let j(q) = -1 - 10 - 1 + 126*q + 6. What are the prime factors of j(2)?
2, 3, 41
List the prime factors of 2617/(((-189)/(-6))/7 + -4).
2, 2617
Let w be (-4 - -3)*3 + (43 - 0). Suppose 4*x - w = 56. What are the prime factors of x?
2, 3
Suppose 3*f + 2*t = 518, -689 = -4*f - 2*t + t. What are the prime factors of f?
2, 43
Let q = 2137 + -1021. List the prime factors of q.
2, 3, 31
What are the prime factors of (1/1)/(72/4734)*4?
263
Suppose -3*o - 3*g + 4 + 14 = 0, -o = -3*g + 2. Suppose 0 = 3*y + o*k - 378, 3*y - 405 = -k + 6*k. List the prime factors of y.
2, 5, 13
Suppose 2*u = -4*n + 1372, -5*n = -15*u + 19*u - 2744. List the prime factors of u.
2, 7
Suppose z + 3 = -l - 2*l, 0 = 2*l - 2*z - 6. Suppose -4*s - 8 + 0 = l. What are the prime factors of 144/5 - s/10?
29
Let i = 2817 + -1658. What are the prime factors of i?
19, 61
Let o(y) = y**2 + 8*y + 6. Let c be -15 - ((-1 - 0) + -1). Let t be o(c). Let a = t + -42. List the prime factors of a.
29
Let r(n) = 291*n + 15. Let o be r(-2). Let v = 866 + o. List the prime factors of v.
13, 23
Let s(g) = -g**3 + 12*g**2 + 14*g - 9. Let h be s(13). Suppose 0 = -3*d + 5*d + v - 125, -h*v = -2*d + 140. What are the prime factors of d?
2
Let g = 311 + -106. Suppose -2*y = -7*b + 4*b + g, 4*b - 275 = 3*y. List the prime factors of b.
5, 13
Suppose 4728 = 4*a + 4*g, 4*g + 3550 = 3*a + 6*g. What are the prime factors of a?
2, 593
Suppose 3*r + 6 = 0, 414 = 2*n + 3*r - 582. What are the prime factors of n?
3, 167
Suppose 0 = 16*h - 13*h - 1143. What are the prime factors of h?
3, 127
Suppose 2*y - m = 4, -y = -m + 3*m - 7. Suppose -y*k = 3*i - 165, 0 = -4*k - 2*i + 55 + 159. What are the prime factors of k?
2, 13
What are the prime factors of -2 + 1143 + 0 + -1?
2, 3, 5, 19
Let w = 216 - 137. Let a = w + -116. Let n = 78 + a. List the prime factors of n.
41
List the prime factors of 145 - (5 + (-11)/1).
151
Let d(n) = 30*n**2 + 54*n + 207. List the prime factors of d(-7).
3, 433
List the prime factors of -1 - -8 - (-8712)/11.
17, 47
Suppose 11*m + 22 - 2486 = 0. List the prime factors of m.
2, 7
Suppose -3*j = c + 10, 2*j - c - c = 4. What are the prime factors of j/5*(-60)/12 + 89?
7, 13
Let h = -1305 + 3424. List the prime factors of h.
13, 163
Suppose -y = -5*m + 54, 4*y - 16 = -2*m + 10. Suppose -h = 4*p - 217, -7*h - 832 = -m*h - 4*p. What are the prime factors of h?
5, 41
Let l be 100*(-5)/(-7 + -3). Suppose -q - 15 = 11. Let v = l + q. What are the prime factors of v?
2, 3
Let j = 679 + -121. List the prime factors of j.
2, 3, 31
Let g = 20 + -17. List the prime factors of 172/12 + (-1)/g.
2, 7
Let k(i) = 2*i - 7. Let l(g) = 3*g - 8. Let m(o) = -4*k(o) + 3*l(o). Let f(u) = -u**2 + 16*u + 20. Let h be f(17). List the prime factors of m(h).
7
Suppose -r = 2*r. Suppose -a + 5*a - 96 = r. Suppose -1 = -k + a. What are the prime factors of k?
5
Let m(b) be the first derivative of 9*b**3/2 + b**2/2 - 2*b - 8. Let v(f) be the first derivative of m(f). What are the prime factors of v(2)?
5, 11
Let f(h) = -24*h - 1. Let u be f(-2). Suppose -u = -3*x - 2*k + 23, x + 4*k - 10 = 0. Let v = x - -13. List the prime factors of v.
3, 13
Let i(q) = q**3 + 10*q**2 + 8*q - 4. Let a be i(-9). Suppose -a*p = -v - 312, -2*v - 190 = -3*p - 0*p. List the prime factors of p.
2, 31
Let r(w) = 36*w - 1. Let n be r(1). Suppose -352 = 31*c - n*c. What are the prime factors of c?
2, 11
Let z(a) = -138*a + 267. What are the prime factors of z(-15)?
3, 19, 41
Let j = 5 - 1. Suppose -3*n + 4*k = -2*n - 4, 2*n + 5*k + 5 = 0. Suppose 0 = -m - 2*p + 2, 4*m + 0*m - j*p - 44 = n. What are t